{"id":10,"date":"2010-05-20T11:07:30","date_gmt":"2010-05-20T11:07:30","guid":{"rendered":"http:\/\/biancorosso.net\/wordpress.dd12128.kasserver.com\/wordpress\/?page_id=10"},"modified":"2024-06-05T16:49:11","modified_gmt":"2024-06-05T14:49:11","slug":"impressum","status":"publish","type":"page","link":"https:\/\/biancorosso.net\/?page_id=10","title":{"rendered":"Impressum"},"content":{"rendered":"<p>BIANCO<span style=\"color: #993300;\">ROSSO<\/span> Wein &amp; mehr<br \/>\nThomas Seiler<br \/>\nProbststra\u00dfe 23<br \/>\n76275 Ettlingen<\/p>\n<h2>Kontakt:<\/h2>\n<p>Telefon: +49 (0)7243 \/ 52 32\u00a093<br \/>\nTelefax: +49 (0)7243 \/ 94 770 95<br \/>\nE-Mail: biancorosso@gmx.net<\/p>\n<h2><strong>Bankverbindung:<\/strong><\/h2>\n<p>Bank: Badische Beamtenbank Karlsruhe<br \/>\nIBAN: DE87 6609 0800 0001 4470 76<br \/>\nBIC\/SWIFT: GENODE61BBB<\/p>\n<h2>Umsatzsteuer:<\/h2>\n<p>Umsatzsteuer-Identifikationsnummer gem\u00e4\u00df \u00a727 a\u00a0Umsatzsteuergesetz:\u00a0DE 813 703 918<\/p>\n<h2><strong>Sonstiges:<\/strong><\/h2>\n<p>Gerichtsstand: Ettlingen<br \/>\nVerbrauchssteuernr. (ACCISA): DE 0000 133 3704<\/p>\n<h2>Streitschlichtung<\/h2>\n<p>Die Europ\u00e4ische\u00a0Kommission stellt eine Plattform zur Online-Streitbeilegung (OS) bereit: <a href=\"https:\/\/ec.europa.eu\/consumers\/odr\" target=\"_blank\" rel=\"noopener\">https:\/\/ec.europa.eu\/consumers\/odr<\/a>.\u00a0Unsere E-Mail-Adresse finden Sie oben im Impressum.<\/p>\n<p>Wir sind nicht bereit oder verpflichtet, an\u00a0Streitbeilegungsverfahren vor einer Verbraucherschlichtungsstelle teilzunehmen.<\/p>\n<h3>Haftung\u00a0f\u00fcr Inhalte<\/h3>\n<p>Als Diensteanbieter sind wir gem\u00e4\u00df \u00a7 7 Abs.1 DDG f\u00fcr eigene Inhalte auf diesen Seiten nach den allgemeinen Gesetzen verantwortlich. Nach \u00a7\u00a7 8 bis 10 DDG sind wir als Diensteanbieter jedoch nicht verpflichtet, \u00fcbermittelte oder gespeicherte fremde Informationen zu \u00fcberwachen oder nach Umst\u00e4nden zu forschen, die auf eine rechtswidrige T\u00e4tigkeit hinweisen.<\/p>\n<p>Verpflichtungen zur Entfernung oder Sperrung der Nutzung von\u00a0Informationen nach den allgemeinen Gesetzen bleiben hiervon unber\u00fchrt. Eine diesbez\u00fcgliche\u00a0Haftung ist jedoch erst ab dem Zeitpunkt der Kenntnis einer konkreten Rechtsverletzung m\u00f6glich.\u00a0Bei Bekanntwerden von entsprechenden Rechtsverletzungen werden wir diese Inhalte umgehend\u00a0entfernen.<\/p>\n<h3>Haftung f\u00fcr Links<\/h3>\n<p>Unser Angebot enth\u00e4lt Links zu externen\u00a0Websites Dritter, auf deren Inhalte wir keinen Einfluss haben. Deshalb k\u00f6nnen wir f\u00fcr diese\u00a0fremden Inhalte auch keine Gew\u00e4hr \u00fcbernehmen. F\u00fcr die Inhalte der verlinkten Seiten ist\u00a0stets der jeweilige Anbieter oder Betreiber der Seiten verantwortlich. Die verlinkten Seiten wurden zum\u00a0Zeitpunkt der Verlinkung auf m\u00f6gliche Rechtsverst\u00f6\u00dfe \u00fcberpr\u00fcft.\u00a0Rechtswidrige Inhalte waren zum Zeitpunkt der Verlinkung nicht erkennbar.<\/p>\n<p>Eine permanente\u00a0inhaltliche Kontrolle der verlinkten Seiten ist jedoch ohne konkrete Anhaltspunkte einer Rechtsverletzung\u00a0nicht zumutbar. Bei Bekanntwerden von Rechtsverletzungen werden wir derartige Links umgehend\u00a0entfernen.<\/p>\n<h3>Urheberrecht<\/h3>\n<p>Die durch die Seitenbetreiber erstellten Inhalte und Werke auf\u00a0diesen Seiten unterliegen dem deutschen Urheberrecht. Die Vervielf\u00e4ltigung, Bearbeitung,\u00a0Verbreitung und jede Art der Verwertung au\u00dferhalb der Grenzen des Urheberrechtes bed\u00fcrfen\u00a0der schriftlichen Zustimmung des jeweiligen Autors bzw. Erstellers. Downloads und Kopien dieser Seite\u00a0sind nur f\u00fcr den privaten, nicht kommerziellen Gebrauch gestattet.<\/p>\n<p>Soweit die Inhalte auf\u00a0dieser Seite nicht vom Betreiber erstellt wurden, werden die Urheberrechte Dritter beachtet. Insbesondere\u00a0werden Inhalte Dritter als solche gekennzeichnet. Sollten Sie trotzdem auf eine Urheberrechtsverletzung\u00a0aufmerksam werden, bitten wir um einen entsprechenden Hinweis. Bei Bekanntwerden von\u00a0Rechtsverletzungen werden wir derartige Inhalte umgehend entfernen.<\/p>\n","protected":false},"excerpt":{"rendered":"<p>BIANCOROSSO Wein &amp; mehr Thomas Seiler Probststra\u00dfe 23 76275 Ettlingen Kontakt: Telefon: +49 (0)7243 \/ 52 32\u00a093 Telefax: +49 (0)7243 \/ 94 770 95 E-Mail: biancorosso@gmx.net Bankverbindung: Bank: Badische Beamtenbank Karlsruhe IBAN: DE87 6609 0800 0001 4470 76 BIC\/SWIFT: GENODE61BBB Umsatzsteuer: Umsatzsteuer-Identifikationsnummer gem\u00e4\u00df \u00a727 a\u00a0Umsatzsteuergesetz:\u00a0DE 813 703 918 Sonstiges: Gerichtsstand: Ettlingen Verbrauchssteuernr. (ACCISA): DE 0000 [&hellip;]<\/p>\n","protected":false},"author":2,"featured_media":0,"parent":0,"menu_order":1,"comment_status":"closed","ping_status":"closed","template":"","meta":{"footnotes":""},"class_list":["post-10","page","type-page","status-publish","hentry"],"_links":{"self":[{"href":"https:\/\/biancorosso.net\/index.php?rest_route=\/wp\/v2\/pages\/10","targetHints":{"allow":["GET"]}}],"collection":[{"href":"https:\/\/biancorosso.net\/index.php?rest_route=\/wp\/v2\/pages"}],"about":[{"href":"https:\/\/biancorosso.net\/index.php?rest_route=\/wp\/v2\/types\/page"}],"author":[{"embeddable":true,"href":"https:\/\/biancorosso.net\/index.php?rest_route=\/wp\/v2\/users\/2"}],"replies":[{"embeddable":true,"href":"https:\/\/biancorosso.net\/index.php?rest_route=%2Fwp%2Fv2%2Fcomments&post=10"}],"version-history":[{"count":11,"href":"https:\/\/biancorosso.net\/index.php?rest_route=\/wp\/v2\/pages\/10\/revisions"}],"predecessor-version":[{"id":2217,"href":"https:\/\/biancorosso.net\/index.php?rest_route=\/wp\/v2\/pages\/10\/revisions\/2217"}],"wp:attachment":[{"href":"https:\/\/biancorosso.net\/index.php?rest_route=%2Fwp%2Fv2%2Fmedia&parent=10"}],"curies":[{"name":"wp","href":"https:\/\/api.w.org\/{rel}","templated":true}]}}