{"id":329,"date":"2010-06-08T22:11:53","date_gmt":"2010-06-08T22:11:53","guid":{"rendered":"http:\/\/biancorosso.net\/wordpress\/?page_id=329"},"modified":"2020-09-06T13:47:28","modified_gmt":"2020-09-06T11:47:28","slug":"bewertungen","status":"publish","type":"page","link":"https:\/\/biancorosso.net\/?page_id=329","title":{"rendered":"\u00dcber Bewertungen"},"content":{"rendered":"<p>&nbsp;<\/p>\n<p><span style=\"font-weight: normal;\">Vorausschickend m\u00f6chte ich erw\u00e4hnen, dass jeder Weinf\u00fchrer Vor- und Nachteile hat. Der eine mag konzentrierte, alkoholreiche Weine, der andere lieber elegante Weine. Die Kritiker haben nunmal ihre Lieblingsweing\u00fcter und Winzer, v\u00f6llig neutral ist keiner (das ist nat\u00fcrlich auch fast nicht m\u00f6glich), manchmal spielen auch freundschaftliche Verbundenheit oder wirtschaftliche Interessen eine gewisse Rolle<\/span>.<\/p>\n<p>Wenn man aber einige Weine probiert und die jeweiligen Bewertungen dazu gelesen hat, wei\u00df man recht gut, wie die Kritiken und Vorlieben einzusch\u00e4tzen sind und kann sich danach richten.<\/p>\n<p>Vor allem sollte man sich aber selbst durch Verkosten und Vergleichen eine eigene Meinung bilden. Au\u00dferdem stellt jede Verkostung nur eine Momentaufnahme und oft auch eine Zukunftsprognose dar, jeder Wein ver\u00e4ndert sich im Lauf der Jahre und es lohnt sich, diese Ver\u00e4nderungen zu verfolgen.<\/p>\n<p>Alle Weinf\u00fchrer erscheinen j\u00e4hrlich mit den aktuellsten Verkostungen und Bewertungen. Ich beginne entsprechend meinem Sortiment mit den f\u00fcnf wichtigsten italienischen F\u00fchrern, denen die wichtigsten sonstigen Kritiker und Weinf\u00fchrer folgen.<\/p>\n<h4><\/h4>\n<p>&nbsp;<\/p>\n<h4>1. GAMBERO ROSSO<\/h4>\n<p>Der Weinf\u00fchrer \u201eVini d\u2019Italia\u201c vom italienischen Verlag Gambero Rosso ist der bekannteste \u00a0Weinf\u00fchrer f\u00fcr italienische Weine. Die fachkundigen Bewertungen des allgemein nur \u201eGambero Rosso\u201c genannten F\u00fchrers machen ihn unangefochten zum Standardwerk f\u00fcr den italienischen Wein.<\/p>\n<p>Die Weine werden von mehreren Fachleuten in Blindtests verkostet und in Kurzportraits vorgestellt und bewertet. Im Gambero Rosso aufgef\u00fchrte Weine ohne Bewertung gelten bereits als Weine von \u00fcberdurchschnittlicher Qualit\u00e4t, zur weiteren Qualit\u00e4tskennzeichnung werden Weingl\u00e4ser vergeben:<\/p>\n<p>1 Weinglas f\u00fcr gute Weine<\/p>\n<p>2 Weingl\u00e4ser f\u00fcr sehr gute Weine<\/p>\n<p>3 Weingl\u00e4ser (tre bicchieri) sind die H\u00f6chstnote f\u00fcr au\u00dfergew\u00f6hnliche Weine<\/p>\n<p>Au\u00dferdem erhalten Weine, die an der Endausscheidung f\u00fcr \u201e3 Weingl\u00e4ser\u201c teilnehmen durften, jedoch die \u201e3 Gl\u00e4ser\u201c nicht bekommen haben, \u201e2 rote Gl\u00e4ser\u201c.<\/p>\n<p>Manche Weing\u00fcter sind mit den Bewertungen nicht einverstanden und nehmen an den Verkostungen nicht teil, andrerseits f\u00f6rdern gute Bewertungen nat\u00fcrlich enorm den Verkauf und die Bekanntheit.<\/p>\n<p>In den letzten Jahren ist der Gambero Rosso dazu \u00fcbergegangen, f\u00fcr jedes Weingut nur einmal die &#8222;3 Gl\u00e4ser&#8220; zu vergeben, was f\u00fcr mich v\u00f6llig unverst\u00e4ndlich ist, da es ja durchaus vorkommen kann, dass ein Weingut mehr als einen au\u00dfergew\u00f6hnlichen Wein erzeugt hat.<\/p>\n<p>&nbsp;<\/p>\n<h4><strong>2. ROBERT PARKER<br \/>\n<\/strong><\/h4>\n<p>Der Amerikaner ist der weltweit am meisten beachtete und einflussreichste Weinkritiker, besonders f\u00fcr Bordeaux- und andere franz\u00f6sische Weine und bewertet unabh\u00e4ngig in einem 100 Punkte-Schema. In seiner Zeitschrift \u201eThe Wine Advocate\u201c schreibt der gelernte Rechtsanwalt regelm\u00e4\u00dfig aber auch \u00fcber andere Regionen, wobei er sich hier meist auf seine Mitarbeiter verl\u00e4sst.<\/p>\n<p>Italienische Weine werden derzeit von Monica Larner bewertet, die ab etwa Mitte 2013 Antonio Galloni, den langj\u00e4hrigen Mitarbeiter Parkers f\u00fcr Italien, abgel\u00f6st hat.<\/p>\n<p>Manche Weing\u00fcter \u00e4nderten ihre Techniken in der Weinbereitung so, dass Weine entstehen in dem Stil, den Parker bevorzugt, um ihre Weine mit hohen Parker-Punkten besser und teurer zu verkaufen. So wurden und werden mit viel\u00a0Barriqueeinsatz vollmundige, reife Weine produziert, die einen hohen geschmacklichen Anteil nach Eiche, Alkohol und Extrakten aufweisen.<\/p>\n<p>Eine Parker-Bewertung von 90 und mehr Punkten bedeutet, dass dieser Wein in seinem Urteil ein Wein von hoher Qualit\u00e4t ist, Wertungen unter 80 Punkten werden bereits nicht mehr erw\u00e4hnt, obwohl die meisten \u201enormalen\u201c und bezahlbaren Weine zwischen 70 und 80 Punkten angesiedelt sind.<\/p>\n<p>&nbsp;<\/p>\n<h4><strong>3. ANTONIO GALLONI<\/strong><\/h4>\n<p>Galloni hat sich nach der Trennung von Robert Parker 2013 selbst\u00e4ndig gemacht und ver\u00f6ffentlicht nun auf seiner eigenen Seite\u00a0 &#8222;Vinous&#8220; seine fundierten Kritiken, inzwischen auch f\u00fcr andere L\u00e4nder als Italien. Er ist durch seine langj\u00e4hrige T\u00e4tigkeit in diesem Land sicher einer der besten Kenner der italienischen Weinszene und deren Entwicklung, hat aber in j\u00fcngerer Zeit einige eigenwillige Bewertungen ver\u00f6ffentlicht (besonders f\u00fcr Weine aus dem Piemont), die nicht von jedem nachvollzogen werden konnten.<\/p>\n<p>&nbsp;<\/p>\n<h4><strong>4. I VINI DI VERONELLI<\/strong><\/h4>\n<p>Luigi Veronelli war der bekannteste italienische Gastrokritiker. Nach seinem Tod 2004 wird seine Arbeit von den Mitarbeitern weitergef\u00fchrt, die Bewertungen haben aber etwas an Bedeutung verloren. Der &#8222;Veronelli&#8220; enth\u00e4lt mehr Weine als der \u201eGambero Rosso\u201c, daf\u00fcr sehr kurze Beschreibungen \u00a0und oft auch nur die Namen der Weine, Punktangaben oder Symbole und Angaben zur produzierten Menge.<\/p>\n<p>F\u00fcr die Bewertungen werden hier Sterne vergeben und zwar maximal 3 Sterne als H\u00f6chstnote (Super tre Stelle).<\/p>\n<p>&nbsp;<\/p>\n<h4><strong>5. WINE SPECTATOR<\/strong><\/h4>\n<p>Das amerikanische Magazin \u201eWine Spectator\u201c ist die meistgelesene Weinzeitschrift der Welt und bewertet weltweit nach einem 100 Punkte-Schema. Sehr einflussreich im englischsprachigen Raum; f\u00fcr Italien ist James Suckling zust\u00e4ndig.<\/p>\n<p>&nbsp;<\/p>\n<h4><strong>6. FALSTAFF<\/strong><\/h4>\n<p>Bekannte \u00f6sterreichische Wein- und Gourmetzeitschrift mit internationaler Beachtung (inzwischen auch mit deutscher Ausgabe), bewertet auch italienische Weine mit besonderer Beziehung zu S\u00fcdtirol. Bewertet werden die Weine ebenfalls nach dem 100 Punkte-Schema.<\/p>\n<p>&nbsp;<\/p>\n<h4><strong>7. DUEMILAVINI \/ BIBENDA<br \/>\n<\/strong><\/h4>\n<p>Der \u201eDuemilavini\u201c der einflussreichen italienischen Sommeliervereinigung AIS vergibt als h\u00f6chste Auszeichnung die \u201eCinque Grappoli\u201c (f\u00fcnf Trauben). Die Bewertungen sind immer sehr interessant, da hier auch weniger bekannte Weine erw\u00e4hnt werden.<\/p>\n<p>Ab 2013 hei\u00dft der F\u00fchrer nun &#8222;Bibenda&#8220;.<\/p>\n<h4><\/h4>\n<p>&nbsp;<\/p>\n<h4><strong>8. VINI D\u2019ITALIA DELL\u2018ESPRESSO<\/strong><\/h4>\n<p>Der \u201eEspresso\u201c vom gro\u00dfen Zeitschriftenverlag &#8222;L&#8217;Espresso &#8211; La Repubblica&#8220;, bewertet in einem 20 Punkte-Schema nach Flaschen, die H\u00f6chstnote sind die \u201eCinque Bottiglie\u201c (F\u00fcnf Flaschen).<\/p>\n<p>&nbsp;<\/p>\n<h4><strong>9. GAULT MILLAU WEINGUIDE<\/strong><\/h4>\n<p>Der bekannteste Weinf\u00fchrer f\u00fcr deutsche Weine (vor dem \u201eEichelmann\u201c), nun mit Joel Payne als alleiniger Herausgeber. Die Weine werden mit einer 100 Punkte-Skala und in offenen Verkostungen bewertet. Weing\u00fcter werden mit bis zu f\u00fcnf Trauben ausgezeichnet, jedes Jahr wird auch der beste deutsche Winzer gek\u00fcrt.<\/p>\n<p><em>Neben den vorgenannten Weinf\u00fchrern und Kritikern gibt es noch weitere, die sich aber \u00fcber die angebotenen Weine und Regionen entweder nicht \u00e4u\u00dfern oder m. E. nicht so bedeutend sind.<\/em><\/p>\n","protected":false},"excerpt":{"rendered":"<p>&nbsp; Vorausschickend m\u00f6chte ich erw\u00e4hnen, dass jeder Weinf\u00fchrer Vor- und Nachteile hat. Der eine mag konzentrierte, alkoholreiche Weine, der andere lieber elegante Weine. Die Kritiker haben nunmal ihre Lieblingsweing\u00fcter und Winzer, v\u00f6llig neutral ist keiner (das ist nat\u00fcrlich auch fast nicht m\u00f6glich), manchmal spielen auch freundschaftliche Verbundenheit oder wirtschaftliche Interessen eine gewisse Rolle. Wenn man [&hellip;]<\/p>\n","protected":false},"author":3,"featured_media":0,"parent":0,"menu_order":0,"comment_status":"closed","ping_status":"closed","template":"","meta":{"footnotes":""},"class_list":["post-329","page","type-page","status-publish","hentry"],"_links":{"self":[{"href":"https:\/\/biancorosso.net\/index.php?rest_route=\/wp\/v2\/pages\/329","targetHints":{"allow":["GET"]}}],"collection":[{"href":"https:\/\/biancorosso.net\/index.php?rest_route=\/wp\/v2\/pages"}],"about":[{"href":"https:\/\/biancorosso.net\/index.php?rest_route=\/wp\/v2\/types\/page"}],"author":[{"embeddable":true,"href":"https:\/\/biancorosso.net\/index.php?rest_route=\/wp\/v2\/users\/3"}],"replies":[{"embeddable":true,"href":"https:\/\/biancorosso.net\/index.php?rest_route=%2Fwp%2Fv2%2Fcomments&post=329"}],"version-history":[{"count":54,"href":"https:\/\/biancorosso.net\/index.php?rest_route=\/wp\/v2\/pages\/329\/revisions"}],"predecessor-version":[{"id":2079,"href":"https:\/\/biancorosso.net\/index.php?rest_route=\/wp\/v2\/pages\/329\/revisions\/2079"}],"wp:attachment":[{"href":"https:\/\/biancorosso.net\/index.php?rest_route=%2Fwp%2Fv2%2Fmedia&parent=329"}],"curies":[{"name":"wp","href":"https:\/\/api.w.org\/{rel}","templated":true}]}}