{"id":7,"date":"2010-05-20T11:06:45","date_gmt":"2010-05-20T11:06:45","guid":{"rendered":"http:\/\/biancorosso.net\/wordpress.dd12128.kasserver.com\/wordpress\/?page_id=7"},"modified":"2025-06-08T13:44:27","modified_gmt":"2025-06-08T11:44:27","slug":"biancorosso","status":"publish","type":"page","link":"https:\/\/biancorosso.net\/?page_id=7","title":{"rendered":"BIANCOROSSO"},"content":{"rendered":"<p>&nbsp;<\/p>\n<p>BIANCO<span style=\"color: #ff0000;\">ROSSO<\/span> ist ein Online-Versandhandel f\u00fcr italienische Qualit\u00e4tsweine der Region Piemont.<a href=\"https:\/\/biancorosso.net\/wordpress\/wp-content\/uploads\/2023\/06\/211006-Wanderung-Barolo.jpg\" rel=\"lightbox[7]\"><img loading=\"lazy\" decoding=\"async\" class=\"alignright wp-image-2176 size-medium\" src=\"https:\/\/biancorosso.net\/wordpress\/wp-content\/uploads\/2023\/06\/211006-Wanderung-Barolo-300x225.jpg\" alt=\"\" width=\"300\" height=\"225\" srcset=\"https:\/\/biancorosso.net\/wordpress\/wp-content\/uploads\/2023\/06\/211006-Wanderung-Barolo-300x225.jpg 300w, https:\/\/biancorosso.net\/wordpress\/wp-content\/uploads\/2023\/06\/211006-Wanderung-Barolo-768x576.jpg 768w, https:\/\/biancorosso.net\/wordpress\/wp-content\/uploads\/2023\/06\/211006-Wanderung-Barolo.jpg 900w\" sizes=\"auto, (max-width: 300px) 100vw, 300px\" \/><\/a><\/p>\n<p>Sie finden hier Weine aus dem Piemont von den namhaften Kellereien und Weing\u00fctern <a title=\"Clerico\" href=\"http:\/\/www.domenicoclerico.it\" target=\"_blank\" rel=\"noopener noreferrer\">Domenico Clerico<\/a>, Guiseppe <a href=\"https:\/\/www.negrogiuseppe.com\/#\/home\">Negro<\/a> und <a href=\"http:\/\/www.abbona.com\/it\/azienda.php\" target=\"_blank\" rel=\"noopener noreferrer\">Marziano Abbona<\/a>. <img class=\"alignright\" \/><\/p>\n<p>Ich f\u00fchre nur Weine, von denen ich \u00fcberzeugt bin, die meisten Weing\u00fcter besuche ich regelm\u00e4\u00dfig, die Winzer kenne ich fast alle pers\u00f6nlich. Die meisten italienischen Weine beziehe ich direkt vom Weingut.<\/p>\n<p>Auf Anfrage kann ich Ihnen auch gerne Weine von anderen Winzern bzw. andere Weine vom gleichen Winzer besorgen, bitte teilen Sie mir unverbindlich Ihre W\u00fcnsche mit.<\/p>\n<p>Auf der Seite &#8222;und mehr&#8230;&#8220; finden Sie Oliven\u00f6l aus Apulien von <a href=\"https:\/\/www.frantoiomuraglia.it\/en\/\">Muraglia<\/a>, das in der gehobenen Gastronomie von Italien und Europa verwendet wird (derzeit nur auf Anfrage verf\u00fcgbar).<\/p>\n<p>&nbsp;<\/p>\n","protected":false},"excerpt":{"rendered":"<p>&nbsp; BIANCOROSSO ist ein Online-Versandhandel f\u00fcr italienische Qualit\u00e4tsweine der Region Piemont. Sie finden hier Weine aus dem Piemont von den namhaften Kellereien und Weing\u00fctern Domenico Clerico, Guiseppe Negro und Marziano Abbona. Ich f\u00fchre nur Weine, von denen ich \u00fcberzeugt bin, die meisten Weing\u00fcter besuche ich regelm\u00e4\u00dfig, die Winzer kenne ich fast alle pers\u00f6nlich. Die meisten [&hellip;]<\/p>\n","protected":false},"author":2,"featured_media":0,"parent":0,"menu_order":0,"comment_status":"closed","ping_status":"closed","template":"","meta":{"footnotes":""},"class_list":["post-7","page","type-page","status-publish","hentry"],"_links":{"self":[{"href":"https:\/\/biancorosso.net\/index.php?rest_route=\/wp\/v2\/pages\/7","targetHints":{"allow":["GET"]}}],"collection":[{"href":"https:\/\/biancorosso.net\/index.php?rest_route=\/wp\/v2\/pages"}],"about":[{"href":"https:\/\/biancorosso.net\/index.php?rest_route=\/wp\/v2\/types\/page"}],"author":[{"embeddable":true,"href":"https:\/\/biancorosso.net\/index.php?rest_route=\/wp\/v2\/users\/2"}],"replies":[{"embeddable":true,"href":"https:\/\/biancorosso.net\/index.php?rest_route=%2Fwp%2Fv2%2Fcomments&post=7"}],"version-history":[{"count":45,"href":"https:\/\/biancorosso.net\/index.php?rest_route=\/wp\/v2\/pages\/7\/revisions"}],"predecessor-version":[{"id":2238,"href":"https:\/\/biancorosso.net\/index.php?rest_route=\/wp\/v2\/pages\/7\/revisions\/2238"}],"wp:attachment":[{"href":"https:\/\/biancorosso.net\/index.php?rest_route=%2Fwp%2Fv2%2Fmedia&parent=7"}],"curies":[{"name":"wp","href":"https:\/\/api.w.org\/{rel}","templated":true}]}}